{"id":258,"date":"2024-03-28T08:40:36","date_gmt":"2024-03-28T11:40:36","guid":{"rendered":"http:\/\/localhost\/?page_id=258"},"modified":"2024-04-03T08:47:38","modified_gmt":"2024-04-03T11:47:38","slug":"mision-y-vision","status":"publish","type":"page","link":"https:\/\/sanviatormacul.cl\/?page_id=258","title":{"rendered":"Misi\u00f3n y Visi\u00f3n"},"content":{"rendered":"\t\t<div data-elementor-type=\"wp-page\" data-elementor-id=\"258\" class=\"elementor elementor-258\">\n\t\t\t\t<div class=\"elementor-element elementor-element-7d88964 e-flex e-con-boxed e-con e-parent\" data-id=\"7d88964\" data-element_type=\"container\" data-e-type=\"container\">\n\t\t\t\t\t<div class=\"e-con-inner\">\n\t\t\t\t<div class=\"elementor-element elementor-element-66d5382 elementor-widget elementor-widget-heading\" data-id=\"66d5382\" data-element_type=\"widget\" data-e-type=\"widget\" data-widget_type=\"heading.default\">\n\t\t\t\t<div class=\"elementor-widget-container\">\n\t\t\t\t\t<h3 class=\"elementor-heading-title elementor-size-default\">Misi\u00f3n y Visi\u00f3n<\/h3>\t\t\t\t<\/div>\n\t\t\t\t<\/div>\n\t\t\t\t<div class=\"elementor-element elementor-element-399204f elementor-widget elementor-widget-text-editor\" data-id=\"399204f\" data-element_type=\"widget\" data-e-type=\"widget\" data-widget_type=\"text-editor.default\">\n\t\t\t\t<div class=\"elementor-widget-container\">\n\t\t\t\t\t\t\t\t\t<p><strong>Misi\u00f3n<\/strong><br \/>El Colegio San Viator centra su quehacer en ni\u00f1os y j\u00f3venes preferencialmente los pobres<br \/>En nuestro Colegio se educa, vive y celebra la fe a trav\u00e9s del anuncio de la Palabra de Dios y la celebraci\u00f3n lit\u00fargica y sacramental.<br \/>Fomenta la excelencia acad\u00e9mica, mediante un estilo pedag\u00f3gico activo que propicia la participaci\u00f3n cr\u00edtica y creativa de los alumnos, brindando metodolog\u00edas y recursos pedag\u00f3gicos de alto nivel, con un equipo docente y multidisciplinario corresponsable.<br \/>Es un establecimiento en el cual cada uno de los miembros de la comunidad educativa est\u00e1 comprometida con el Proyecto Educativo Institucional y participa activamente en su ejecuci\u00f3n, gracias al ejercicio de una gesti\u00f3n educativa de calidad.<\/p><p><strong>Visi\u00f3n<\/strong><br \/>Nuestro establecimiento se proyecta como un colegio cat\u00f3lico viatoriano que anuncia a Jesucristo y su evangelio suscitando comunidades en las que se vive, profundiza y celebra la Fe, l\u00edder en la Regi\u00f3n por su excelencia acad\u00e9mica y la formaci\u00f3n humana y social.<br \/>Pretende la formaci\u00f3n integral de un alumno comprometido con su fe., que vive con responsabilidad y solidaridad su proyecto de vida, participa activamente en la sociedad basado en los valores del evangelio y se compromete con la promoci\u00f3n y el cambio social.<\/p>\t\t\t\t\t\t\t\t<\/div>\n\t\t\t\t<\/div>\n\t\t\t\t\t<\/div>\n\t\t\t\t<\/div>\n\t\t\t\t<\/div>\n\t\t","protected":false},"excerpt":{"rendered":"<p>Misi\u00f3n y Visi\u00f3n Misi\u00f3nEl Colegio San Viator centra su quehacer en ni\u00f1os y j\u00f3venes preferencialmente los pobresEn nuestro Colegio se educa, vive y celebra la fe a trav\u00e9s del anuncio de la Palabra de Dios y la celebraci\u00f3n lit\u00fargica y sacramental.Fomenta la excelencia acad\u00e9mica, mediante un estilo pedag\u00f3gico activo que propicia la participaci\u00f3n cr\u00edtica y [&hellip;]<\/p>\n","protected":false},"author":1,"featured_media":0,"parent":0,"menu_order":0,"comment_status":"closed","ping_status":"closed","template":"","meta":{"footnotes":""},"class_list":["post-258","page","type-page","status-publish","hentry"],"_links":{"self":[{"href":"https:\/\/sanviatormacul.cl\/index.php?rest_route=\/wp\/v2\/pages\/258","targetHints":{"allow":["GET"]}}],"collection":[{"href":"https:\/\/sanviatormacul.cl\/index.php?rest_route=\/wp\/v2\/pages"}],"about":[{"href":"https:\/\/sanviatormacul.cl\/index.php?rest_route=\/wp\/v2\/types\/page"}],"author":[{"embeddable":true,"href":"https:\/\/sanviatormacul.cl\/index.php?rest_route=\/wp\/v2\/users\/1"}],"replies":[{"embeddable":true,"href":"https:\/\/sanviatormacul.cl\/index.php?rest_route=%2Fwp%2Fv2%2Fcomments&post=258"}],"version-history":[{"count":0,"href":"https:\/\/sanviatormacul.cl\/index.php?rest_route=\/wp\/v2\/pages\/258\/revisions"}],"wp:attachment":[{"href":"https:\/\/sanviatormacul.cl\/index.php?rest_route=%2Fwp%2Fv2%2Fmedia&parent=258"}],"curies":[{"name":"wp","href":"https:\/\/api.w.org\/{rel}","templated":true}]}}