{"id":324,"date":"2024-03-28T15:31:32","date_gmt":"2024-03-28T18:31:32","guid":{"rendered":"http:\/\/localhost\/?page_id=324"},"modified":"2024-04-03T08:45:38","modified_gmt":"2024-04-03T11:45:38","slug":"jornadas-de-curso","status":"publish","type":"page","link":"https:\/\/sanviatormacul.cl\/?page_id=324","title":{"rendered":"Jornadas de curso"},"content":{"rendered":"\t\t<div data-elementor-type=\"wp-page\" data-elementor-id=\"324\" class=\"elementor elementor-324\">\n\t\t\t\t<div class=\"elementor-element elementor-element-3860133 e-flex e-con-boxed e-con e-parent\" data-id=\"3860133\" data-element_type=\"container\" data-e-type=\"container\">\n\t\t\t\t\t<div class=\"e-con-inner\">\n\t\t\t\t<div class=\"elementor-element elementor-element-523e9ea elementor-widget elementor-widget-heading\" data-id=\"523e9ea\" data-element_type=\"widget\" data-e-type=\"widget\" data-widget_type=\"heading.default\">\n\t\t\t\t<div class=\"elementor-widget-container\">\n\t\t\t\t\t<h3 class=\"elementor-heading-title elementor-size-default\">Jornadas de curso<\/h3>\t\t\t\t<\/div>\n\t\t\t\t<\/div>\n\t\t\t\t<div class=\"elementor-element elementor-element-4c64830 elementor-widget elementor-widget-text-editor\" data-id=\"4c64830\" data-element_type=\"widget\" data-e-type=\"widget\" data-widget_type=\"text-editor.default\">\n\t\t\t\t<div class=\"elementor-widget-container\">\n\t\t\t\t\t\t\t\t\t<p>Organizaci\u00f3n de la Jornada<br \/>Las Jornadas de Formaci\u00f3n Cristiana son preparadas por el Equipo Pastoral del Colegio San Viator y forman parte del Proyecto Educativo de nuestro establecimiento.<br \/>Los responsables directos son los Coordinadores de Ciclo Pastoral (Pre-b\u00e1sica a Cuarto B\u00e1sico, Quinto a Octavo b\u00e1sico y Primero a Cuarto Medio)<br \/>Es importante el rol de los profesores jefes en esta jornada, pues desarrollan labor de acompa\u00f1amiento con sus alumnos.<br \/>En esta jornada se pretende el encuentro de los ni\u00f1os y j\u00f3venes con el Se\u00f1or, en una vivencia de compartir con el curso.<br \/><br \/>Objetivo de la Jornada<br \/>Las Jornadas de Formaci\u00f3n Cristiana son una experiencia formativo- pastoral que vive un curso durante un d\u00eda fuera del colegio, que busca ayudar a desarrollar el Plan de Interioridad que tenemos como proceso pastoral; conviviendo en un curso y potenciando los valores de la mutua entrega, la uni\u00f3n, la tolerancia, el respeto y la fe.<br \/>Las Jornadas nos van presentando a Jes\u00fas el Salvador que interviene a favor del bien y en contra del mal.<br \/><br \/>Progresi\u00f3n de la Jornada<br \/>La experiencia de Jornada de Formaci\u00f3n Cristiana se realiza en el colegio entre 4\u00ba b\u00e1sico y 4\u00ba medio.<br \/>Cada a\u00f1o la tem\u00e1tica recoge el objetivo general de las Jornadas, pero adaptado en sus contenidos a cada ciclo vital, contenido en el Itinerario de la Espiritualidad.<br \/><br \/>El itinerario de las Jornadas<br \/><br \/>Cuarto B\u00e1sico: La Obediencia y el Silencio al estilo de Jes\u00fas.<br \/>Objetivos:<br \/>1. Valorar el Silencio como una forma de oraci\u00f3n y un espacio para escuchar a Dios.<br \/>2. El alumno acepta las decisiones de sus profesores desde la justicia, actuando con empe\u00f1o para interpretar fielmente la voluntad del que dirige.<br \/>3. Ser obediente a la voluntad de Dios transmitida en su Palabra y especialmente en los mandamientos.<br \/><br \/>Quinto B\u00e1sico: La Humildad.<br \/>Objetivos:<br \/>1. El alumno reconoce sus propias debilidades e insuficiencias, sus cualidades y capacidades y las aprovecha para obrar el bien sin llamar la atenci\u00f3n ni requerir el aplauso ajeno.<br \/>2. Que conozca e imite las cualidades de Jes\u00fas que lo hacen ser una persona humilde<br \/><br \/><br \/>Sexto B\u00e1sico: El Respeto sobre mi cuerpo.<br \/>Objetivos:<br \/>1. Valorar positivamente el propio cuerpo<br \/>2. Valorar la relaci\u00f3n con el otro.<br \/>3. Reconocer virtudes y defectos en las relaciones entre mujeres y hombres<br \/>S\u00e9ptimo B\u00e1sico: Ser Amado por Dios.<br \/>Objetivos:<br \/>1. Motivar al alumno en el camino del amor y la esperanza.<br \/>2. Ayudar al alumno a que conf\u00ede en si mismo y razonablemente, en la ayuda que le pueden prestar los dem\u00e1s.<br \/>3. Es una etapa de cambios en donde el ni\u00f1o cuestiona lo que ha vivido y recibido anteriormente. \u00c9l debe sentir la comprensi\u00f3n de sus educadores, pero ser orientado en su etapa.<br \/><br \/>Octavo B\u00e1sico: Autoestima y Reconciliaci\u00f3n.<br \/>Objetivos:<br \/>1. Reforzar las \u00e1reas de personalidad de los alumnos, potenciando una sana autoestima en una etapa de compleja relaciones con los dem\u00e1s y sobre todo con Dios y la Religi\u00f3n.<br \/><br \/>Primero Medio: Vivir el presente desde la Justicia.<br \/>Objetivos:<br \/>1. El alumno se esfuerza continuamente por dar a los dem\u00e1s lo que les corresponde en justicia, de acuerdo con el cumplimiento de sus deberes y de acuerdo con sus derechos. A la vez, intenta que los dem\u00e1s hagan lo mismo.<br \/><br \/>Segundo Medio: El Compromiso Solidario.<br \/>Objetivos:<br \/>1. Transformar en el alumno del pensamiento religioso hacia una actitud de compromiso por una causa com\u00fan, de solidaridad hacia los dem\u00e1s y que va en directa relaci\u00f3n con el compromiso de Jes\u00fas con el necesitado.<br \/><br \/>Tercero Medio: Vivir con Libertad y Responsabilidad.<br \/>Objetivos:<br \/>1. Mostrar caminos cristianos de libertad para desarrollar en su vida.<br \/>2. Explicar y valoran la acci\u00f3n de Dios frente a la maduraci\u00f3n de la propia libertad y responsabilidad.<br \/><br \/>Cuarto Medio: B\u00fasqueda en Discernimiento.<br \/>Objetivos:<br \/>1. Construir un Proyecto de Vida personal que integre los principios orientadores cristianos que necesitan para su futuro personal y profesional<br \/>2. Agradecer la presencia del Se\u00f1or en la historia personal, quien invita a mirar con optimismo el futuro.<\/p>\t\t\t\t\t\t\t\t<\/div>\n\t\t\t\t<\/div>\n\t\t\t\t\t<\/div>\n\t\t\t\t<\/div>\n\t\t\t\t<\/div>\n\t\t","protected":false},"excerpt":{"rendered":"<p>Jornadas de curso Organizaci\u00f3n de la JornadaLas Jornadas de Formaci\u00f3n Cristiana son preparadas por el Equipo Pastoral del Colegio San Viator y forman parte del Proyecto Educativo de nuestro establecimiento.Los responsables directos son los Coordinadores de Ciclo Pastoral (Pre-b\u00e1sica a Cuarto B\u00e1sico, Quinto a Octavo b\u00e1sico y Primero a Cuarto Medio)Es importante el rol de [&hellip;]<\/p>\n","protected":false},"author":1,"featured_media":0,"parent":0,"menu_order":0,"comment_status":"closed","ping_status":"closed","template":"","meta":{"footnotes":""},"class_list":["post-324","page","type-page","status-publish","hentry"],"_links":{"self":[{"href":"https:\/\/sanviatormacul.cl\/index.php?rest_route=\/wp\/v2\/pages\/324","targetHints":{"allow":["GET"]}}],"collection":[{"href":"https:\/\/sanviatormacul.cl\/index.php?rest_route=\/wp\/v2\/pages"}],"about":[{"href":"https:\/\/sanviatormacul.cl\/index.php?rest_route=\/wp\/v2\/types\/page"}],"author":[{"embeddable":true,"href":"https:\/\/sanviatormacul.cl\/index.php?rest_route=\/wp\/v2\/users\/1"}],"replies":[{"embeddable":true,"href":"https:\/\/sanviatormacul.cl\/index.php?rest_route=%2Fwp%2Fv2%2Fcomments&post=324"}],"version-history":[{"count":0,"href":"https:\/\/sanviatormacul.cl\/index.php?rest_route=\/wp\/v2\/pages\/324\/revisions"}],"wp:attachment":[{"href":"https:\/\/sanviatormacul.cl\/index.php?rest_route=%2Fwp%2Fv2%2Fmedia&parent=324"}],"curies":[{"name":"wp","href":"https:\/\/api.w.org\/{rel}","templated":true}]}}